{"id":12,"date":"2017-02-20T16:00:30","date_gmt":"2017-02-20T16:00:30","guid":{"rendered":"http:\/\/mavereck.de\/?page_id=12"},"modified":"2018-01-16T14:12:03","modified_gmt":"2018-01-16T14:12:03","slug":"mavereck","status":"publish","type":"page","link":"http:\/\/mavereck.de\/?page_id=12","title":{"rendered":"Mavereck"},"content":{"rendered":"<p style=\"text-align: center;\"><img loading=\"lazy\" class=\"aligncenter wp-image-65 size-large\" src=\"http:\/\/mavereck.de\/wp-content\/uploads\/2017\/02\/DSC_1427B_DxO-1024x685.jpg\" alt=\"\" width=\"700\" height=\"468\" srcset=\"http:\/\/mavereck.de\/wp-content\/uploads\/2017\/02\/DSC_1427B_DxO-1024x685.jpg 1024w, http:\/\/mavereck.de\/wp-content\/uploads\/2017\/02\/DSC_1427B_DxO-300x201.jpg 300w, http:\/\/mavereck.de\/wp-content\/uploads\/2017\/02\/DSC_1427B_DxO-768x514.jpg 768w, http:\/\/mavereck.de\/wp-content\/uploads\/2017\/02\/DSC_1427B_DxO.jpg 1600w\" sizes=\"(max-width: 700px) 100vw, 700px\" \/><\/p>\n<p style=\"text-align: left;\">Wie kommt man zu einem solchen Namen?<\/p>\n<p style=\"text-align: left;\">Da m\u00fcssen wir weit zur\u00fcck ins Jahr 1986.<\/p>\n<p style=\"text-align: left;\">&#8222;Die Gedenktafel f\u00fcr die Zweiten h\u00e4ngt unten in der Damentoilette!&#8220;<\/p>\n<p style=\"text-align: left;\">Wer in den 80ern jung und \u00fcberm\u00fctig gewesen ist, der hat ihn angehimmelt &#8211; die Damenwelt &#8211; oder aber auch verehrt &#8211; die Jungs. Tom Cruise alias Maverick in Top Gun war der Held und das Vorbild einer ganzen Generation und da der Name Eck ein solches Wortspiel geradezu provoziert wurde aus Maverick eben Mavereck&#8230;mein Alter Ego.<\/p>\n<p style=\"text-align: left;\">Da der Grenzbereich mich noch immer fasziniert, habe ich begonnen die Grenzen und das unglaubliche Sehverm\u00f6gen unseres menschlichen Auges einzufangen &#8211; ob es mir gelungen ist kann ich nicht beurteilen.<\/p>\n","protected":false},"excerpt":{"rendered":"<p>Wie kommt man zu einem solchen Namen? Da m\u00fcssen wir weit zur\u00fcck ins Jahr 1986. &#8222;Die Gedenktafel f\u00fcr die Zweiten h\u00e4ngt unten in der Damentoilette!&#8220; Wer in den 80ern jung und \u00fcberm\u00fctig gewesen ist, der hat ihn angehimmelt &#8211; die Damenwelt &#8211; oder aber auch verehrt &#8211; die Jungs. Tom Cruise alias Maverick in Top&hellip;<\/p>\n","protected":false},"author":1,"featured_media":0,"parent":0,"menu_order":0,"comment_status":"closed","ping_status":"closed","template":"","meta":[],"_links":{"self":[{"href":"http:\/\/mavereck.de\/index.php?rest_route=\/wp\/v2\/pages\/12"}],"collection":[{"href":"http:\/\/mavereck.de\/index.php?rest_route=\/wp\/v2\/pages"}],"about":[{"href":"http:\/\/mavereck.de\/index.php?rest_route=\/wp\/v2\/types\/page"}],"author":[{"embeddable":true,"href":"http:\/\/mavereck.de\/index.php?rest_route=\/wp\/v2\/users\/1"}],"replies":[{"embeddable":true,"href":"http:\/\/mavereck.de\/index.php?rest_route=%2Fwp%2Fv2%2Fcomments&post=12"}],"version-history":[{"count":10,"href":"http:\/\/mavereck.de\/index.php?rest_route=\/wp\/v2\/pages\/12\/revisions"}],"predecessor-version":[{"id":741,"href":"http:\/\/mavereck.de\/index.php?rest_route=\/wp\/v2\/pages\/12\/revisions\/741"}],"wp:attachment":[{"href":"http:\/\/mavereck.de\/index.php?rest_route=%2Fwp%2Fv2%2Fmedia&parent=12"}],"curies":[{"name":"wp","href":"https:\/\/api.w.org\/{rel}","templated":true}]}}